3*l = 70. Calculate the remainder when 1273 is divided by f.
15
Let h(p) = p**3 + p**2 + 72. Let v(a) = -2*a - 35. What is the remainder when h(0) is divided by v(-25)?
12
Let q(b) = -4*b + 75. Let w = 3 + 2. Suppose -g = 2*a + a - 103, 0 = -2*a - w*g + 73. What is the remainder when a is divided by q(14)?
15
Let u(j) = j**3 + 10*j**2 - 22*j + 23. Let f be u(-12). Let h(n) = -121*n**3 - 2*n - 2. What is the remainder when h(f) is divided by 31?
28
Suppose -o + 0*o + 2*g + 117 = 0, -5*o = 4*g - 641. What is the remainder when o is divided by 9?
8
Suppose -17*c - 1 = -16*c, c - 50 = -3*w. Calculate the remainder when 200 is divided by w.
13
Let t(z) = -7*z**2 - 51*z - 6. What is the remainder when 235 is divided by t(-7)?
3
Suppose 6*f - 11*f - 10 = 0. Let q(p) = -3*p**3 - 3*p**2 - 4*p - 4. Calculate the remainder when 44 is divided by q(f).
12
Suppose 2*t = 4*t - 14. Suppose 3*c - 13 + 4 = 0, -h - 12 = -3*c. Let a(r) = -19*r - 17. Calculate the remainder when a(h) is divided by t.
5
What is the remainder when 84 is divided by (-13 + 7)*(-16)/12 + 0?
4
Suppose -2*y = -565 + 213. What is the remainder when y is divided by 45?
41
Let c = 1079 + -1064. Calculate the remainder when 31 is divided by c.
1
Let n = 10 - -14. Calculate the remainder when (-18)/n - (-206)/8 is divided by 13.
12
Let w = -590 - -599. What is the remainder when 43 is divided by w?
7
Suppose 0 = -69*p + 68*p + 151. What is the remainder when p is divided by 16?
7
Let w(b) = -3*b - 8. Calculate the remainder when 76 is divided by w(-6).
6
Suppose 0 = 2*y - 5*a + 25, 4*a = 4*y - 2*y + 20. Suppose y = 11*c - 6*c - 55. Calculate the remainder when 42 is divided by c.
9
Let l be (-14)/5*(-25)/(-20)*4. Calculate the remainder when -2 - -4 - (1 + l) is divided by 9.
6
Let b(p) = -2*p + 5. Let l be (-7)/28 - 18/(-16)*-6. Let m(v) = 5*v**2 + 3*v - 1. What is the remainder when m(-3) is divided by b(l)?
16
Let f(y) = y**3 - 17*y - 14. Let t be f(6). Suppose -t = -5*c + 165. Suppose i = -k + 5*i + 5, 0 = -k + 3*i + 6. What is the remainder when c is divided by k?
8
Let i be (-2)/(-9) - (-6)/(-27). Let p be (i/3)/(-2) + -662. What is the remainder when p/(-10) + 8/(-40) is divided by 17?
15
Let q = 325 - 175. Calculate the remainder when q is divided by 22.
18
Suppose -4*w - 515 = -1527. Calculate the remainder when w is divided by 20.
13
Let v = 13 - -9. Let r be 7/(-3 - (-42)/12). Suppose 711 + 507 = r*u. Calculate the remainder when u is divided by v.
21
Suppose 3*m - 4*m + 5 = 0. Let t(x) = 3*x**2 + 8*x - 7. Let j be t(m). Suppose -n + j = 3*n. What is the remainder when n is divided by 14?
13
Let n(d) = -6*d + 22 - 81*d**2 - 2*d - d**3 + 73*d**2 + 2*d. Calculate the remainder when n(-8) is divided by 18.
16
Suppose 2*q = 5*l + 2 + 14, 2*q + 3*l = 32. What is the remainder when q is divided by (12/(-8))/((-3)/18)?
4
Let z(b) = b**3 - 12*b**2 + 10*b + 12. Let q be z(11). Suppose 0 = -s - q, r + 2*s - 24 = 20. Calculate the remainder when r is divided by 8.
6
Suppose -57 = -38*t + 969. What is the remainder when 83 is divided by t?
2
Suppose z - 6 = -2*z, 0 = -5*t + 5*z + 170. Calculate the remainder when 323 is divided by t.
35
Suppose -3*v = 4*v + 217. Let m = v - -75. Calculate the remainder when m is divided by (-158)/(-18) + (-2)/(-9).
8
Suppose 7*n = 75 + 30. Suppose 37 + n = 3*o + 2*m, -4*o + 4*m + 56 = 0. What is the remainder when o is divided by 9?
7
Suppose -4*f = 5*m - 10, -11*f = 3*m - 15*f - 6. Calculate the remainder when 102 is divided by m.
0
Let i be (-1 + (2 - -4))*(-2 - -1). Let u = i + 31. Suppose 2*m = -h + 115 - 16, 4*m - 2*h - 210 = 0. Calculate the remainder when m is divided by u.
25
Suppose 17*j = 16*j + 4*g + 39, 2*g = 2*j - 72. Let m = -100 + 168. What is the remainder when m is divided by j?
33
Let v be 2*(9/6 + 0). Let o = v + 4. Suppose t - 5*a = 27, a - 135 = -5*t - 3*a. What is the remainder when t is divided by o?
6
Let m = -10 + 20. Suppose -t = 4*y - 2*y - 19, 0 = 2*y + 4*t - m. Let q(j) = -j**3 + 10*j**2 + 10*j + 14. What is the remainder when 8 is divided by q(y)?
2
Calculate the remainder when 12142/130 - 2/5 is divided by 32.
29
Let o = 505 + -235. Calculate the remainder when o is divided by 21.
18
Suppose 24*f - 7704 = -12*f. What is the remainder when f is divided by 56?
46
Suppose 3*n = 3*z + 72, -3*n - z - 2*z + 84 = 0. What is the remainder when 100 is divided by n?
22
Let f(w) = 3*w**2 + 11*w - 55. Calculate the remainder when f(8) is divided by 13.
4
Let n be (5/(-2))/((-8)/192). What is the remainder when 39 is divided by 1/(-6) + 1270/n?
18
Suppose -56 = -8*g + 40. Suppose -2*o - 3*w + 19 = 0, -5 = -o - 3*w + g. Calculate the remainder when 6 is divided by o.
0
Let q(w) = 3*w**2 - 3*w + 8. Let m(v) = v**2 - 5*v - 2. Let j be m(4). Let g be q(j). Suppose -y - y = -g. What is the remainder when y is divided by 17?
16
Let l = 848 - 695. Calculate the remainder when 461 is divided by l.
2
Suppose -5*n = -2*h - 316, -3*h + 322 = 5*n - 2*h. Suppose -5*k + 8*w = 3*w - 70, -4*k + 2*w + 62 = 0. Calculate the remainder when n is divided by k.
13
Suppose -16*o = -1662 - 882. What is the remainder when o is divided by 37?
11
Let q = -11 + 62. Let d = -32 + q. Calculate the remainder when 113 is divided by d.
18
Let t(q) = q**3 - 75*q**2 + 155*q - 602. Calculate the remainder when t(73) is divided by (-1)/(-3)*(-87)/(-1).
26
Suppose 2*c - 46 = k, -5*c + 2 = -k - 107. Calculate the remainder when 163 is divided by c.
16
Suppose -12*t - 27*t + 2262 = 0. Calculate the remainder when 173 is divided by t.
57
Suppose 335 - 291 = b. Calculate the remainder when 144 is divided by b.
12
Let j(d) = -58*d - 12. Let z be j(-12). Suppose 9*g = -3*g + z. What is the remainder when g is divided by 15?
12
Suppose -5*m - c + 75 = 0, 5*c = 2*m + 16 - 19. Calculate the remainder when m is divided by 7.
0
Suppose -o + 5 = 2. Suppose 16*u - 10*u = 18. What is the remainder when o*(-160)/(-12) - u is divided by 13?
11
Let m be 8/(-20)*(0 + -30). Let q(g) = 2*g - 17. Let o(t) = -1. Let c(r) = -2*o(r) + q(r). What is the remainder when 25 is divided by c(m)?
7
Let m(i) = -i**2 + 3*i - 2. Let v be m(2). Let n(s) = -s**3 + s**2 - s - 4. Let c be n(v). What is the remainder when 6 is divided by (-2)/(2*c/16)?
2
Let x = 1 - -17. Suppose 0 = 5*q - 22*q + 187. What is the remainder when x is divided by q?
7
Let l(t) = t**3 + 2*t**2 - 12*t + 8. What is the remainder when 24 is divided by l(3)?
7
Suppose 4*r - 3*n + 0*n = 54, -n = -2. Let f be r/7 - 3/21. Calculate the remainder when f/(-3 - -5)*15 is divided by 8.
7
Let i(w) = -13*w - 194 - 5*w + 95 + w**2 + 65. What is the remainder when i(20) is divided by 3?
0
Let v(n) = 29*n - 2. Let a be v(1). Suppose 0 = -h - 3*o + a, 2*h = 4*h - 5*o + 1. What is the remainder when 31 + (-3 - -5 - 3) is divided by h?
6
Suppose -202*i + 207*i - 20 = 0. Calculate the remainder when 4 is divided by i.
0
Let c(g) = g**3 - 9*g**2 + 4*g + 4. Let p be c(9). Suppose 0 = 3*w + w - p. Let z = w + 29. Calculate the remainder when z is divided by 20.
19
Suppose 3*w = -w - 3*k + 124, -3*k = 2*w - 68. Let d = -84 - -94. What is the remainder when w is divided by d?
8
Let w(h) = h**3 + 20*h**2 - 23*h + 5. Calculate the remainder when w(-21) is divided by 29.
18
Let i = -1 + -1. Let b(o) = -7*o - 1. Let j be b(i). Suppose j = 3*h - 38. What is the remainder when 64 is divided by h?
13
Let u(z) = z**3 + 6*z**2 + z + 2. Let y be u(-4). Suppose -52 = 26*a - y*a. Calculate the remainder when 0 - 23*-1 - 0 is divided by a.
10
Let d = -67 - -148. Let o = d + -47. Suppose 0 = 7*l - 3*l - 72. Calculate the remainder when o is divided by l.
16
Let b = -18 - 137. Let h = 249 + b. Let o = 140 - h. What is the remainder when o is divided by 12?
10
Suppose 4*w - 19 = -3*a, 5*a - 2 - 11 = -2*w. What is the remainder when 106 is divided by w?
2
Suppose -338 + 398 = 3*y. Calculate the remainder when 27 is divided by y.
7
Let k(o) = -o - 3. Let f be k(-5). Suppose 70 = 3*n - 5*u, -f*u - u - 75 = -4*n. Calculate the remainder when 57 is divided by n.
12
Let x be 3/(-2)*116/(-3). Let b(i) = 2*i**3 - 7*i**2 + 2*i + 7. Let m be b(5). Let z = m - x. What is the remainder when z is divided by 12?
10
Let v = -969 + 989. Calculate the remainder when 25 is divided by v.
5
Sup